{"id":79,"date":"2011-03-08T13:58:35","date_gmt":"2011-03-08T13:58:35","guid":{"rendered":"https:\/\/bocchedalbegna.com\/new\/2011\/03\/08\/das-dock\/"},"modified":"2026-01-19T09:13:32","modified_gmt":"2026-01-19T09:13:32","slug":"das-dock","status":"publish","type":"page","link":"https:\/\/bocchedalbegna.com\/de\/das-dock\/","title":{"rendered":"Das Dock"},"content":{"rendered":"\n<p>Der Campingplatz an der M\u00fcndung des Flusses Albegna verf\u00fcgt \u00fcber ein schwimmendes Dock, eine Beleuchtung und eine Zufahrtsstra\u00dfe.<\/p>\n\n\n\n<p>Der Campingplatz ist so f\u00fcr kleine Boote, die auf dem Seeweg ankommen, oder f\u00fcr Autofahrer mit einem Karren im Schlepptau zug\u00e4nglich, der die mit der Stra\u00dfe verbundene Auffahrt erreichen kann. Auch kleine Segelboote mit schwimmenden Beibooten sind zug\u00e4nglich.<\/p>\n\n\n\n<p>{gallery}galleria\/posti-barca{\/gallery}<\/p>\n\n\n\n<figure class=\"wp-block-gallery has-nested-images columns-default is-cropped wp-block-gallery-1 is-layout-flex wp-block-gallery-is-layout-flex\">\n<figure class=\"wp-block-image size-large\"><img loading=\"lazy\" decoding=\"async\" width=\"1024\" height=\"683\" data-attachment-id=\"973\" data-permalink=\"https:\/\/bocchedalbegna.com\/de\/das-dock\/attachment\/camping-bocche-dalbegna-32-2\/\" data-orig-file=\"https:\/\/bocchedalbegna.com\/wp-content\/uploads\/2023\/07\/albegna-postibarca_01.jpg\" data-orig-size=\"1024,683\" data-comments-opened=\"1\" data-image-meta=\"{&quot;aperture&quot;:&quot;11&quot;,&quot;credit&quot;:&quot;Francesco Romei\\u00a9&quot;,&quot;camera&quot;:&quot;NIKON D200&quot;,&quot;caption&quot;:&quot;Camping Bocche d&#039;Albegna&quot;,&quot;created_timestamp&quot;:&quot;1147341373&quot;,&quot;copyright&quot;:&quot;Francesco Romei\\u00a9&quot;,&quot;focal_length&quot;:&quot;12&quot;,&quot;iso&quot;:&quot;100&quot;,&quot;shutter_speed&quot;:&quot;0.00625&quot;,&quot;title&quot;:&quot;Camping Bocche d&#039;Albegna&quot;,&quot;orientation&quot;:&quot;1&quot;}\" data-image-title=\"Camping Bocche d&amp;#8217;Albegna\" data-image-description=\"\" data-image-caption=\"&lt;p&gt;Camping Bocche d&amp;#8217;Albegna&lt;\/p&gt;\n\" data-large-file=\"https:\/\/bocchedalbegna.com\/wp-content\/uploads\/2023\/07\/albegna-postibarca_01.jpg\" data-id=\"973\" src=\"https:\/\/bocchedalbegna.com\/wp-content\/uploads\/2023\/07\/albegna-postibarca_01.jpg\" alt=\"\" class=\"wp-image-973\" srcset=\"https:\/\/bocchedalbegna.com\/wp-content\/uploads\/2023\/07\/albegna-postibarca_01.jpg 1024w, https:\/\/bocchedalbegna.com\/wp-content\/uploads\/2023\/07\/albegna-postibarca_01-300x200.jpg 300w, https:\/\/bocchedalbegna.com\/wp-content\/uploads\/2023\/07\/albegna-postibarca_01-768x512.jpg 768w\" sizes=\"auto, (max-width: 1024px) 100vw, 1024px\" \/><figcaption class=\"wp-element-caption\">Camping Bocche d&#8217;Albegna<\/figcaption><\/figure>\n\n\n\n<figure class=\"wp-block-image size-large\"><img loading=\"lazy\" decoding=\"async\" width=\"1024\" height=\"685\" data-attachment-id=\"976\" data-permalink=\"https:\/\/bocchedalbegna.com\/de\/das-dock\/attachment\/albegna-postibarca_03-2\/\" data-orig-file=\"https:\/\/bocchedalbegna.com\/wp-content\/uploads\/2023\/07\/albegna-postibarca_03.jpg\" data-orig-size=\"1024,685\" data-comments-opened=\"1\" data-image-meta=\"{&quot;aperture&quot;:&quot;4.5&quot;,&quot;credit&quot;:&quot;&quot;,&quot;camera&quot;:&quot;NIKON D200&quot;,&quot;caption&quot;:&quot;&quot;,&quot;created_timestamp&quot;:&quot;1152382271&quot;,&quot;copyright&quot;:&quot;&quot;,&quot;focal_length&quot;:&quot;52&quot;,&quot;iso&quot;:&quot;100&quot;,&quot;shutter_speed&quot;:&quot;0.0015625&quot;,&quot;title&quot;:&quot;&quot;,&quot;orientation&quot;:&quot;1&quot;}\" data-image-title=\"albegna-postibarca_03\" data-image-description=\"\" data-image-caption=\"\" data-large-file=\"https:\/\/bocchedalbegna.com\/wp-content\/uploads\/2023\/07\/albegna-postibarca_03.jpg\" data-id=\"976\" src=\"https:\/\/bocchedalbegna.com\/wp-content\/uploads\/2023\/07\/albegna-postibarca_03.jpg\" alt=\"\" class=\"wp-image-976\" srcset=\"https:\/\/bocchedalbegna.com\/wp-content\/uploads\/2023\/07\/albegna-postibarca_03.jpg 1024w, https:\/\/bocchedalbegna.com\/wp-content\/uploads\/2023\/07\/albegna-postibarca_03-300x201.jpg 300w, https:\/\/bocchedalbegna.com\/wp-content\/uploads\/2023\/07\/albegna-postibarca_03-768x514.jpg 768w\" sizes=\"auto, (max-width: 1024px) 100vw, 1024px\" \/><\/figure>\n\n\n\n<figure class=\"wp-block-image size-large\"><img loading=\"lazy\" decoding=\"async\" width=\"1024\" height=\"683\" data-attachment-id=\"970\" data-permalink=\"https:\/\/bocchedalbegna.com\/de\/das-dock\/attachment\/albegna-postibarca_04-2\/\" data-orig-file=\"https:\/\/bocchedalbegna.com\/wp-content\/uploads\/2023\/07\/albegna-postibarca_04.jpg\" data-orig-size=\"1024,683\" data-comments-opened=\"1\" data-image-meta=\"{&quot;aperture&quot;:&quot;4.5&quot;,&quot;credit&quot;:&quot;&quot;,&quot;camera&quot;:&quot;NIKON D200&quot;,&quot;caption&quot;:&quot;&quot;,&quot;created_timestamp&quot;:&quot;1152382395&quot;,&quot;copyright&quot;:&quot;&quot;,&quot;focal_length&quot;:&quot;70&quot;,&quot;iso&quot;:&quot;100&quot;,&quot;shutter_speed&quot;:&quot;0.0025&quot;,&quot;title&quot;:&quot;&quot;,&quot;orientation&quot;:&quot;1&quot;}\" data-image-title=\"albegna-postibarca_04\" data-image-description=\"\" data-image-caption=\"\" data-large-file=\"https:\/\/bocchedalbegna.com\/wp-content\/uploads\/2023\/07\/albegna-postibarca_04.jpg\" data-id=\"970\" src=\"https:\/\/bocchedalbegna.com\/wp-content\/uploads\/2023\/07\/albegna-postibarca_04.jpg\" alt=\"\" class=\"wp-image-970\" srcset=\"https:\/\/bocchedalbegna.com\/wp-content\/uploads\/2023\/07\/albegna-postibarca_04.jpg 1024w, https:\/\/bocchedalbegna.com\/wp-content\/uploads\/2023\/07\/albegna-postibarca_04-300x200.jpg 300w, https:\/\/bocchedalbegna.com\/wp-content\/uploads\/2023\/07\/albegna-postibarca_04-768x512.jpg 768w\" sizes=\"auto, (max-width: 1024px) 100vw, 1024px\" \/><\/figure>\n\n\n\n<figure class=\"wp-block-image size-large\"><img loading=\"lazy\" decoding=\"async\" width=\"1024\" height=\"685\" data-attachment-id=\"969\" data-permalink=\"https:\/\/bocchedalbegna.com\/de\/das-dock\/attachment\/camping-bocche-dalbegna-31-2\/\" data-orig-file=\"https:\/\/bocchedalbegna.com\/wp-content\/uploads\/2023\/07\/albegna-postibarca_02.jpg\" data-orig-size=\"1024,685\" data-comments-opened=\"1\" data-image-meta=\"{&quot;aperture&quot;:&quot;13&quot;,&quot;credit&quot;:&quot;Francesco Romei\\u00a9&quot;,&quot;camera&quot;:&quot;NIKON D200&quot;,&quot;caption&quot;:&quot;Camping Bocche d&#039;Albegna&quot;,&quot;created_timestamp&quot;:&quot;1147341464&quot;,&quot;copyright&quot;:&quot;Francesco Romei\\u00a9&quot;,&quot;focal_length&quot;:&quot;200&quot;,&quot;iso&quot;:&quot;100&quot;,&quot;shutter_speed&quot;:&quot;0.008&quot;,&quot;title&quot;:&quot;Camping Bocche d&#039;Albegna&quot;,&quot;orientation&quot;:&quot;1&quot;}\" data-image-title=\"Camping Bocche d&amp;#8217;Albegna\" data-image-description=\"\" data-image-caption=\"&lt;p&gt;Camping Bocche d&amp;#8217;Albegna&lt;\/p&gt;\n\" data-large-file=\"https:\/\/bocchedalbegna.com\/wp-content\/uploads\/2023\/07\/albegna-postibarca_02.jpg\" data-id=\"969\" src=\"https:\/\/bocchedalbegna.com\/wp-content\/uploads\/2023\/07\/albegna-postibarca_02.jpg\" alt=\"\" class=\"wp-image-969\" srcset=\"https:\/\/bocchedalbegna.com\/wp-content\/uploads\/2023\/07\/albegna-postibarca_02.jpg 1024w, https:\/\/bocchedalbegna.com\/wp-content\/uploads\/2023\/07\/albegna-postibarca_02-300x201.jpg 300w, https:\/\/bocchedalbegna.com\/wp-content\/uploads\/2023\/07\/albegna-postibarca_02-768x514.jpg 768w\" sizes=\"auto, (max-width: 1024px) 100vw, 1024px\" \/><figcaption class=\"wp-element-caption\">Camping Bocche d&#8217;Albegna<\/figcaption><\/figure>\n\n\n\n<figure class=\"wp-block-image size-large\"><img loading=\"lazy\" decoding=\"async\" width=\"1024\" height=\"685\" data-attachment-id=\"967\" data-permalink=\"https:\/\/bocchedalbegna.com\/de\/das-dock\/attachment\/albegna-postibarca_05-2\/\" data-orig-file=\"https:\/\/bocchedalbegna.com\/wp-content\/uploads\/2023\/07\/albegna-postibarca_05.jpg\" data-orig-size=\"1024,685\" data-comments-opened=\"1\" data-image-meta=\"{&quot;aperture&quot;:&quot;4.5&quot;,&quot;credit&quot;:&quot;&quot;,&quot;camera&quot;:&quot;NIKON D200&quot;,&quot;caption&quot;:&quot;&quot;,&quot;created_timestamp&quot;:&quot;1152389207&quot;,&quot;copyright&quot;:&quot;&quot;,&quot;focal_length&quot;:&quot;55&quot;,&quot;iso&quot;:&quot;160&quot;,&quot;shutter_speed&quot;:&quot;0.008&quot;,&quot;title&quot;:&quot;&quot;,&quot;orientation&quot;:&quot;1&quot;}\" data-image-title=\"albegna-postibarca_05\" data-image-description=\"\" data-image-caption=\"\" data-large-file=\"https:\/\/bocchedalbegna.com\/wp-content\/uploads\/2023\/07\/albegna-postibarca_05.jpg\" data-id=\"967\" src=\"https:\/\/bocchedalbegna.com\/wp-content\/uploads\/2023\/07\/albegna-postibarca_05.jpg\" alt=\"\" class=\"wp-image-967\" srcset=\"https:\/\/bocchedalbegna.com\/wp-content\/uploads\/2023\/07\/albegna-postibarca_05.jpg 1024w, https:\/\/bocchedalbegna.com\/wp-content\/uploads\/2023\/07\/albegna-postibarca_05-300x201.jpg 300w, https:\/\/bocchedalbegna.com\/wp-content\/uploads\/2023\/07\/albegna-postibarca_05-768x514.jpg 768w\" sizes=\"auto, (max-width: 1024px) 100vw, 1024px\" \/><\/figure>\n<\/figure>\n","protected":false},"excerpt":{"rendered":"<p>Der Campingplatz an der M\u00fcndung des Flusses Albegna verf\u00fcgt \u00fcber ein schwimmendes Dock, eine Beleuchtung und eine Zufahrtsstra\u00dfe. Der Campingplatz ist so f\u00fcr kleine Boote, die auf dem Seeweg ankommen, oder f\u00fcr Autofahrer mit einem Karren im Schlepptau zug\u00e4nglich, der die mit der Stra\u00dfe verbundene Auffahrt erreichen kann. Auch kleine Segelboote mit schwimmenden Beibooten sind [&hellip;]<\/p>\n","protected":false},"author":1,"featured_media":1596,"parent":0,"menu_order":15,"comment_status":"open","ping_status":"open","template":"","meta":{"footnotes":""},"class_list":["post-79","page","type-page","status-publish","has-post-thumbnail","hentry"],"jetpack_sharing_enabled":true,"_links":{"self":[{"href":"https:\/\/bocchedalbegna.com\/de\/wp-json\/wp\/v2\/pages\/79","targetHints":{"allow":["GET"]}}],"collection":[{"href":"https:\/\/bocchedalbegna.com\/de\/wp-json\/wp\/v2\/pages"}],"about":[{"href":"https:\/\/bocchedalbegna.com\/de\/wp-json\/wp\/v2\/types\/page"}],"author":[{"embeddable":true,"href":"https:\/\/bocchedalbegna.com\/de\/wp-json\/wp\/v2\/users\/1"}],"replies":[{"embeddable":true,"href":"https:\/\/bocchedalbegna.com\/de\/wp-json\/wp\/v2\/comments?post=79"}],"version-history":[{"count":4,"href":"https:\/\/bocchedalbegna.com\/de\/wp-json\/wp\/v2\/pages\/79\/revisions"}],"predecessor-version":[{"id":980,"href":"https:\/\/bocchedalbegna.com\/de\/wp-json\/wp\/v2\/pages\/79\/revisions\/980"}],"wp:featuredmedia":[{"embeddable":true,"href":"https:\/\/bocchedalbegna.com\/de\/wp-json\/wp\/v2\/media\/1596"}],"wp:attachment":[{"href":"https:\/\/bocchedalbegna.com\/de\/wp-json\/wp\/v2\/media?parent=79"}],"curies":[{"name":"wp","href":"https:\/\/api.w.org\/{rel}","templated":true}]}}

<p>Der Campingplatz an der Mündung des Flusses Albegna verfügt über ein schwimmendes Dock, eine Beleuchtung und eine Zufahrtsstraße.</p>



<p>Der Campingplatz ist so für kleine Boote, die auf dem Seeweg ankommen, oder für Autofahrer mit einem Karren im Schlepptau zugänglich, der die mit der Straße verbundene Auffahrt erreichen kann. Auch kleine Segelboote mit schwimmenden Beibooten sind zugänglich.</p>



<p>{gallery}galleria/posti-barca{/gallery}</p>



<figure class="wp-block-gallery has-nested-images columns-default is-cropped wp-block-gallery-1 is-layout-flex wp-block-gallery-is-layout-flex">
<figure class="wp-block-image size-large"><img loading="lazy" decoding="async" width="1024" height="683" data-attachment-id="973" data-permalink="https://bocchedalbegna.com/de/das-dock/attachment/camping-bocche-dalbegna-32-2/" data-orig-file="https://bocchedalbegna.com/wp-content/uploads/2023/07/albegna-postibarca_01.jpg" data-orig-size="1024,683" data-comments-opened="1" data-image-meta="{&quot;aperture&quot;:&quot;11&quot;,&quot;credit&quot;:&quot;Francesco Romei\u00a9&quot;,&quot;camera&quot;:&quot;NIKON D200&quot;,&quot;caption&quot;:&quot;Camping Bocche d&#039;Albegna&quot;,&quot;created_timestamp&quot;:&quot;1147341373&quot;,&quot;copyright&quot;:&quot;Francesco Romei\u00a9&quot;,&quot;focal_length&quot;:&quot;12&quot;,&quot;iso&quot;:&quot;100&quot;,&quot;shutter_speed&quot;:&quot;0.00625&quot;,&quot;title&quot;:&quot;Camping Bocche d&#039;Albegna&quot;,&quot;orientation&quot;:&quot;1&quot;}" data-image-title="Camping Bocche d&amp;#8217;Albegna" data-image-description="" data-image-caption="&lt;p&gt;Camping Bocche d&amp;#8217;Albegna&lt;/p&gt;
" data-large-file="https://bocchedalbegna.com/wp-content/uploads/2023/07/albegna-postibarca_01.jpg" data-id="973" src="https://bocchedalbegna.com/wp-content/uploads/2023/07/albegna-postibarca_01.jpg" alt="" class="wp-image-973" srcset="https://bocchedalbegna.com/wp-content/uploads/2023/07/albegna-postibarca_01.jpg 1024w, https://bocchedalbegna.com/wp-content/uploads/2023/07/albegna-postibarca_01-300x200.jpg 300w, https://bocchedalbegna.com/wp-content/uploads/2023/07/albegna-postibarca_01-768x512.jpg 768w" sizes="auto, (max-width: 1024px) 100vw, 1024px" /><figcaption class="wp-element-caption">Camping Bocche d&#8217;Albegna</figcaption></figure>



<figure class="wp-block-image size-large"><img loading="lazy" decoding="async" width="1024" height="685" data-attachment-id="976" data-permalink="https://bocchedalbegna.com/de/das-dock/attachment/albegna-postibarca_03-2/" data-orig-file="https://bocchedalbegna.com/wp-content/uploads/2023/07/albegna-postibarca_03.jpg" data-orig-size="1024,685" data-comments-opened="1" data-image-meta="{&quot;aperture&quot;:&quot;4.5&quot;,&quot;credit&quot;:&quot;&quot;,&quot;camera&quot;:&quot;NIKON D200&quot;,&quot;caption&quot;:&quot;&quot;,&quot;created_timestamp&quot;:&quot;1152382271&quot;,&quot;copyright&quot;:&quot;&quot;,&quot;focal_length&quot;:&quot;52&quot;,&quot;iso&quot;:&quot;100&quot;,&quot;shutter_speed&quot;:&quot;0.0015625&quot;,&quot;title&quot;:&quot;&quot;,&quot;orientation&quot;:&quot;1&quot;}" data-image-title="albegna-postibarca_03" data-image-description="" data-image-caption="" data-large-file="https://bocchedalbegna.com/wp-content/uploads/2023/07/albegna-postibarca_03.jpg" data-id="976" src="https://bocchedalbegna.com/wp-content/uploads/2023/07/albegna-postibarca_03.jpg" alt="" class="wp-image-976" srcset="https://bocchedalbegna.com/wp-content/uploads/2023/07/albegna-postibarca_03.jpg 1024w, https://bocchedalbegna.com/wp-content/uploads/2023/07/albegna-postibarca_03-300x201.jpg 300w, https://bocchedalbegna.com/wp-content/uploads/2023/07/albegna-postibarca_03-768x514.jpg 768w" sizes="auto, (max-width: 1024px) 100vw, 1024px" /></figure>



<figure class="wp-block-image size-large"><img loading="lazy" decoding="async" width="1024" height="683" data-attachment-id="970" data-permalink="https://bocchedalbegna.com/de/das-dock/attachment/albegna-postibarca_04-2/" data-orig-file="https://bocchedalbegna.com/wp-content/uploads/2023/07/albegna-postibarca_04.jpg" data-orig-size="1024,683" data-comments-opened="1" data-image-meta="{&quot;aperture&quot;:&quot;4.5&quot;,&quot;credit&quot;:&quot;&quot;,&quot;camera&quot;:&quot;NIKON D200&quot;,&quot;caption&quot;:&quot;&quot;,&quot;created_timestamp&quot;:&quot;1152382395&quot;,&quot;copyright&quot;:&quot;&quot;,&quot;focal_length&quot;:&quot;70&quot;,&quot;iso&quot;:&quot;100&quot;,&quot;shutter_speed&quot;:&quot;0.0025&quot;,&quot;title&quot;:&quot;&quot;,&quot;orientation&quot;:&quot;1&quot;}" data-image-title="albegna-postibarca_04" data-image-description="" data-image-caption="" data-large-file="https://bocchedalbegna.com/wp-content/uploads/2023/07/albegna-postibarca_04.jpg" data-id="970" src="https://bocchedalbegna.com/wp-content/uploads/2023/07/albegna-postibarca_04.jpg" alt="" class="wp-image-970" srcset="https://bocchedalbegna.com/wp-content/uploads/2023/07/albegna-postibarca_04.jpg 1024w, https://bocchedalbegna.com/wp-content/uploads/2023/07/albegna-postibarca_04-300x200.jpg 300w, https://bocchedalbegna.com/wp-content/uploads/2023/07/albegna-postibarca_04-768x512.jpg 768w" sizes="auto, (max-width: 1024px) 100vw, 1024px" /></figure>



<figure class="wp-block-image size-large"><img loading="lazy" decoding="async" width="1024" height="685" data-attachment-id="969" data-permalink="https://bocchedalbegna.com/de/das-dock/attachment/camping-bocche-dalbegna-31-2/" data-orig-file="https://bocchedalbegna.com/wp-content/uploads/2023/07/albegna-postibarca_02.jpg" data-orig-size="1024,685" data-comments-opened="1" data-image-meta="{&quot;aperture&quot;:&quot;13&quot;,&quot;credit&quot;:&quot;Francesco Romei\u00a9&quot;,&quot;camera&quot;:&quot;NIKON D200&quot;,&quot;caption&quot;:&quot;Camping Bocche d&#039;Albegna&quot;,&quot;created_timestamp&quot;:&quot;1147341464&quot;,&quot;copyright&quot;:&quot;Francesco Romei\u00a9&quot;,&quot;focal_length&quot;:&quot;200&quot;,&quot;iso&quot;:&quot;100&quot;,&quot;shutter_speed&quot;:&quot;0.008&quot;,&quot;title&quot;:&quot;Camping Bocche d&#039;Albegna&quot;,&quot;orientation&quot;:&quot;1&quot;}" data-image-title="Camping Bocche d&amp;#8217;Albegna" data-image-description="" data-image-caption="&lt;p&gt;Camping Bocche d&amp;#8217;Albegna&lt;/p&gt;
" data-large-file="https://bocchedalbegna.com/wp-content/uploads/2023/07/albegna-postibarca_02.jpg" data-id="969" src="https://bocchedalbegna.com/wp-content/uploads/2023/07/albegna-postibarca_02.jpg" alt="" class="wp-image-969" srcset="https://bocchedalbegna.com/wp-content/uploads/2023/07/albegna-postibarca_02.jpg 1024w, https://bocchedalbegna.com/wp-content/uploads/2023/07/albegna-postibarca_02-300x201.jpg 300w, https://bocchedalbegna.com/wp-content/uploads/2023/07/albegna-postibarca_02-768x514.jpg 768w" sizes="auto, (max-width: 1024px) 100vw, 1024px" /><figcaption class="wp-element-caption">Camping Bocche d&#8217;Albegna</figcaption></figure>



<figure class="wp-block-image size-large"><img loading="lazy" decoding="async" width="1024" height="685" data-attachment-id="967" data-permalink="https://bocchedalbegna.com/de/das-dock/attachment/albegna-postibarca_05-2/" data-orig-file="https://bocchedalbegna.com/wp-content/uploads/2023/07/albegna-postibarca_05.jpg" data-orig-size="1024,685" data-comments-opened="1" data-image-meta="{&quot;aperture&quot;:&quot;4.5&quot;,&quot;credit&quot;:&quot;&quot;,&quot;camera&quot;:&quot;NIKON D200&quot;,&quot;caption&quot;:&quot;&quot;,&quot;created_timestamp&quot;:&quot;1152389207&quot;,&quot;copyright&quot;:&quot;&quot;,&quot;focal_length&quot;:&quot;55&quot;,&quot;iso&quot;:&quot;160&quot;,&quot;shutter_speed&quot;:&quot;0.008&quot;,&quot;title&quot;:&quot;&quot;,&quot;orientation&quot;:&quot;1&quot;}" data-image-title="albegna-postibarca_05" data-image-description="" data-image-caption="" data-large-file="https://bocchedalbegna.com/wp-content/uploads/2023/07/albegna-postibarca_05.jpg" data-id="967" src="https://bocchedalbegna.com/wp-content/uploads/2023/07/albegna-postibarca_05.jpg" alt="" class="wp-image-967" srcset="https://bocchedalbegna.com/wp-content/uploads/2023/07/albegna-postibarca_05.jpg 1024w, https://bocchedalbegna.com/wp-content/uploads/2023/07/albegna-postibarca_05-300x201.jpg 300w, https://bocchedalbegna.com/wp-content/uploads/2023/07/albegna-postibarca_05-768x514.jpg 768w" sizes="auto, (max-width: 1024px) 100vw, 1024px" /></figure>
</figure>

<p>Der Campingplatz an der Mündung des Flusses Albegna verfügt über ein schwimmendes Dock, eine Beleuchtung und eine Zufahrtsstraße. Der Campingplatz ist so für kleine Boote, die auf dem Seeweg ankommen, oder für Autofahrer mit einem Karren im Schlepptau zugänglich, der die mit der Straße verbundene Auffahrt erreichen kann. Auch kleine Segelboote mit schwimmenden Beibooten sind [&hellip;]</p>
